 remainder when (-860)/z*(231/55 - 3) is divided by 44.
40
Suppose 30*j + 1440 = 46*j. Calculate the remainder when 322 is divided by j.
52
Let l(t) = 7*t**2 - 26*t - 103. What is the remainder when l(-6) is divided by 79?
68
Suppose -6*t = -10*t. Let w be t/(-3 - -1) + 140. Suppose 4*i + 4*c + 52 = 6*i, -5*c - w = -5*i. Calculate the remainder when i is divided by 17.
13
Let b = 50 - 43. Suppose 3*o - 4*a + 3 = 0, 0 = -o + 4*a - 2 - b. Suppose 2*h - 78 = h + 4*x, 5*h + o*x = 459. What is the remainder when h is divided by 46?
44
Suppose 52 = -4*u + 5*g, 0 = -5*u - 5*g + 7*g - 65. Let l(w) = w**2 + 2*w + 31. Calculate the remainder when l(u) is divided by 20.
14
What is the remainder when 12253 is divided by ((-1224)/(-96))/(12/112)?
115
Let t = 826 + -710. What is the remainder when t is divided by 39*(-8)/(-12) + 4?
26
Let s be (-3)/(-1) + 84/(-28). Suppose s = 70*b - 71*b + 14. What is the remainder when 49 is divided by b?
7
Suppose 0 = -2*y - 2*q + 30, 5*q = 2*y - 43 + 20. Suppose -1100 = y*c - 36*c. Calculate the remainder when c is divided by 18.
14
Suppose 5*c + 63 = 398. Let u = c - 49. Suppose 3*t = 22 + 176. Calculate the remainder when t is divided by u.
12
Suppose 0 = -4*o - 12, -5*o - 44 = -2*y + 3*y. Let t = 50 + y. Suppose -5*x - 73 = -378. Calculate the remainder when x is divided by t.
19
Let w(y) = -38*y + 3. Suppose 234*n - 430 = 224*n. What is the remainder when w(-4) is divided by n?
26
Suppose 6*q = -30*q + 2016. Calculate the remainder when 17 is divided by (-10)/35 + 352/q.
5
Calculate the remainder when -942*1/(-2)*22/33 is divided by 65.
54
Suppose 4 + 301 = -5*a. Let v = a + 85. Let l = -11042 + 11161. What is the remainder when l is divided by v?
23
Let j(n) = -2*n**3 + 52*n**2 - n + 55. Let k(g) = 3*g + 44. Let p be k(-6). What is the remainder when 46 is divided by j(p)?
17
Suppose -242 = -3*d + 5*v, 2*v = -3*d + 3*v + 238. Let g = d - 49. What is the remainder when 117 is divided by g?
27
Suppose -y + 4*o - 640 = -5*y, 4*y + 2*o - 636 = 0. Let w = y - 70. Let z = 106 - w. What is the remainder when 34 is divided by z?
16
Let v(k) = 4*k**2 + 22*k + 58. Suppose -2*n + 3*y - 13 = 2*y, -4*n = 2*y + 6. Calculate the remainder when v(-3) is divided by 11*-4*1/n.
6
Suppose 0 = -176*p + 30346 + 141078. What is the remainder when 1960 is divided by p?
12
Let f(y) = -y**3 + 12*y**2 - 2*y + 28. Suppose 5*s = 5*c + 30, 7 = -s - 3*c + 1. Suppose -7 = -s*z + 38. Calculate the remainder when f(0) is divided by z.
13
Let k = -279 - -285. Suppose k*d - 76 = 188. Suppose -5*h = 3*n - 30, -3*n = n + 2*h - 54. What is the remainder when d is divided by n?
14
Let x(j) = -3*j + 6. Let s = 84 + -84. Suppose s = 11*o - 36*o + 1000. Calculate the remainder when o is divided by x(-5).
19
Let l(f) = -f**3 + 24*f**2 + 2. Calculate the remainder when 1033 is divided by l(24).
1
Let f(x) = 23*x + 107. Suppose k + 3*b - 50 = 0, 3*k - 4*k = -2*b - 70. Calculate the remainder when f(6) is divided by k.
59
Let s(l) = -3*l**2 - 5*l. Let f(q) = 7*q**2 + 10*q. Let v(j) = -4*f(j) - 9*s(j). Let u be v(3). What is the remainder when (4/u)/((-4)/(-258)) is divided by 12?
7
Let k = 406 - 351. What is the remainder when 144 is divided by k - (0/(-2) + 6)?
46
Suppose -1190 = -8*g + 13*g. Let u = g + 279. What is the remainder when 100 is divided by u?
18
Suppose -4*h - 4*f + 141 = f, -f - 140 = -5*h. Suppose 21*y - 45404 = -5336. Suppose 19*m - y = m. What is the remainder when m is divided by h?
19
Let u = -80 - -158. Let w = 9130 - 9103. Calculate the remainder when u is divided by w.
24
Suppose -16*m + 22*m = 216. Calculate the remainder when m is divided by (2 + (-3 - 1))*(-45)/10.
0
Suppose j = -4 + 7, -j = -g + 37. Suppose -37*m - 315 = -g*m. What is the remainder when m is divided by 22?
17
Calculate the remainder when 310*(-30)/84*-7 is divided by 3.
1
Suppose -237*j - 1273 = -256*j. Calculate the remainder when j is divided by 9.
4
Suppose 5*l = -w + 12, 0*l + 2*w - 8 = -2*l. Suppose -r = -l*d - d - 74, -323 = -4*r + 3*d. What is the remainder when r is divided by 12?
11
Suppose 2*r - 47 - 3 = 0. Let j = 54 - r. Suppose 2*t + 3*b - j = 0, -3*b - 17 = -2. Calculate the remainder when 82 is divided by t.
16
Let x = -48 - -64. Let g = x - 9. Suppose 0 = -w + g - 0. What is the remainder when 34 is divided by w?
6
Suppose 5*z - 3*o = 13, 7 = -2*z + 5*z - 2*o. Suppose -4*l = z*f - 464, -5*l + 166 = 3*f - 414. What is the remainder when l is divided by 39?
38
Suppose -165 = -p - 4*i, -3*i + 4 - 16 = 0. What is the remainder when p is divided by 56?
13
Let t(c) = -12*c - 7. Let d be t(6). Let q = 232 + d. Calculate the remainder when q is divided by (-2)/(-5)*(-18 + 83).
23
Let v = 46728 - 46702. What is the remainder when -1*4*153/(-4) is divided by v?
23
What is the remainder when 715 is divided by 180/(-24)*(-8)/(-6)*-8?
75
Let q = -420 + 424. Suppose b + q*a = 8*a + 7, -4*b - a + 11 = 0. Calculate the remainder when 9 is divided by b.
0
Suppose 5*k + 3 + 7 = 0. Let w be 3/(-5)*k*(-10)/3. Calculate the remainder when (-1102)/(-87) + w/(-3) is divided by 7.
0
Suppose 0 = -m + 6, 0 = 2*w - 11*m + 10*m - 1178. Calculate the remainder when w is divided by 54.
52
Let z = -359 + 367. Let b(d) = -22*d + 216. Suppose 3*n = -5*l + 118, 4*n - 3 + 19 = 0. What is the remainder when b(z) is divided by l?
14
Suppose -o = -0*o + 15*o - 400. Calculate the remainder when 692 is divided by o.
17
Let m(d) = -2*d**2 + 17*d + 15. Let c be m(9). Let b(s) = s**2 - 4*s + 5. Calculate the remainder when (-70 + 4)/(36/(-24)) is divided by b(c).
10
Suppose -2*b + 1 - 3 = 3*k, -2*k = -b - 1. Suppose 11*l - 6 - 236 = k. Calculate the remainder when 175 is divided by l.
21
Suppose -11422 - 19008 = -85*q. What is the remainder when q is divided by 96?
70
Suppose 52*k - 15806 = 105*k - 67216. What is the remainder when k is divided by 12?
10
Suppose -13*g + 299 = -936. Let d = -44 + g. Calculate the remainder when 139 is divided by d.
37
Suppose -1515 = -10*f + 205. Suppose -d = -2*d - 4, -4*y = -3*d - f. Suppose -3*v + 18 = -0. What is the remainder when y is divided by v?
4
Let z be (-39024)/96*(2 + 16/(-6)). Let r = 398 - z. Calculate the remainder when r is divided by 8.
7
What is the remainder when 275 is divided by (-16 - -6) + 7 + 9?
5
Suppose -2*q = q + 3*i + 27, -q - 2*i = 6. Let k(m) = -2*m**2 - 24*m + 24. What is the remainder when 81 is divided by k(q)?
9
Suppose 18*q = 13*q - 15, 0 = 3*n + 2*q - 51. What is the remainder when n is divided by 3/9*(6 + 48)?
1
Let g = -427 + 773. Suppose -g - 84 = -10*c. What is the remainder when 169 is divided by c?
40
Suppose -g + 15 = -2. Let d = 104 + -98. Suppose -d*l + 359 + 43 = 0. Calculate the remainder when l is divided by g.
16
What is the remainder when (726/(-77))/22 - (-537)/42*68 is divided by 172?
9
Suppose -h - 4*i - 10 = -34, -2*h = -5*i - 22. What is the remainder when 39 is divided by h?
7
Calculate the remainder when 397 is divided by (-1*80/(-6))/((-172)/(-258))*4.
77
Let p(w) = w**2 - 17*w + 16. Let d be p(12). Let n = d + 85. Suppose -45*z = -15*z - 4830. What is the remainder when z is divided by n?
38
Let h(w) = -2*w - 4*w + 29 + 81 - 12. What is the remainder when 118 is divided by h(13)?
18
Let a be (-6)/((-36)/30) - -2. Suppose -a*j = 6*j - 234. Suppose -2*p = -p - 89. What is the remainder when p is divided by j?
17
Suppose -12*v + 89 + 91 = 0. Calculate the remainder when 60 is divided by v.
0
Let k be 6/(2 + 0)*135/81. Let m be 1*k/(-15)*-36. Suppose 228 = -m*g + 14*g. What is the remainder when g is divided by 23?
22
Let u(o) = o**3 + 10*o**2 - 76*o - 9. Let d be u(-14). Let y = 289 - d. Calculate the remainder when 51 is divided by y.
15
Suppose -4*u + y = 6*y - 1172, 4*u - y = 1172. What is the remainder when 889 is divided by u?
10
Let k(t) = 8*t + 30. Let s be k(-4). What is the remainder when 108 is divided by 220/(-12)*(24/s)/4?
53
Suppose 4*p - 70 = 2. What is the remainder when ((-1 - 0 - -4)/2)/(853/69946) is divided by p?
15
Let o = -2240 + 2427. Calculate the remainder when 535 is divided by o.
161
Suppose -96 = -4*t - 3*h, -7*t = -4*t - 2*h - 72. Let w be (-16)/(-6)*(-300)/(-16). Let l = w + -34. Calculate the remainder when t is divided by l.
8
Let p be ((12 - 6) + -1)/1. Let u(f) = -f*